ase 14, what is 1736 - -b2?
1808
In base 6, what is -43 - 10240?
-10323
In base 10, what is -327722 - -1?
-327721
In base 6, what is 354 - 34502?
-34104
In base 12, what is 5 + -45b2?
-45a9
In base 10, what is 2 - 210292?
-210290
In base 15, what is 22 - 487?
-465
In base 11, what is -2 - -4501a9?
4501a7
In base 3, what is 12 + -202021212?
-202021200
In base 16, what is 837 - e?
829
In base 4, what is 2023 + 320233?
322322
In base 14, what is -3 - 6810?
-6813
In base 3, what is 1112100222100 - -2?
1112100222102
In base 5, what is 1123422004 - -4?
1123422013
In base 5, what is 0 - -211?
211
In base 4, what is -2300110 + 3?
-2300101
In base 7, what is -2363 + 26?
-2334
In base 9, what is 154 + 20264?
20428
In base 5, what is -4 - 44333?
-44342
In base 14, what is -6c680 + c?
-6c672
In base 13, what is 8696 + -7?
868c
In base 9, what is 61 + 120?
181
In base 10, what is 6 + 512038?
512044
In base 12, what is -834 + 3a?
-7b6
In base 13, what is -310 - 2b1?
-5c1
In base 16, what is -7dfa - -3?
-7df7
In base 11, what is -3 - 2a6873?
-2a6876
In base 6, what is -21 + -40532?
-40553
In base 10, what is 16433 - -2?
16435
In base 7, what is -115 + 3444?
3326
In base 12, what is 78830 - 3?
78829
In base 12, what is -202 - -a02?
800
In base 6, what is -1500 + 220?
-1240
In base 15, what is 90 - d4c?
-cac
In base 15, what is -2d + 1d31?
1d03
In base 11, what is 36 - 9?
28
In base 9, what is 463 - 531?
-57
In base 10, what is -341 - -757?
416
In base 9, what is -11 - -7333?
7322
In base 7, what is -4661033 - -3?
-4661030
In base 13, what is 65 + -1049?
-cb4
In base 12, what is -ba + 312?
214
In base 12, what is -1367 + -a6?
-1451
In base 6, what is -332 - -20?
-312
In base 14, what is 44 - 97d8?
-9794
In base 5, what is 13204204 - 11?
13204143
In base 2, what is -11 + 10110110010001100?
10110110010001001
In base 5, what is 1 - 122441?
-122440
In base 9, what is -15783 + -12?
-15805
In base 3, what is 2112200 - 20120?
2022010
In base 10, what is 26 - -606?
632
In base 9, what is -10046 - 47?
-10104
In base 12, what is 6 + 132a7?
132b1
In base 12, what is 39246 - 4?
39242
In base 10, what is 16159 - 21?
16138
In base 15, what is 5 + 337c?
3382
In base 11, what is 46 + -496a?
-4924
In base 8, what is -113 - 2502?
-2615
In base 9, what is 1076 - 506?
470
In base 12, what is 4 - 6a36?
-6a32
In base 6, what is 125 + 2532?
3101
In base 7, what is -14625 + 46?
-14546
In base 9, what is -226672 - -5?
-226666
In base 2, what is -1000010 + 1010100?
10010
In base 2, what is 111101 - 100001111101000?
-100001110101011
In base 13, what is 2115aa + 3?
2115b0
In base 6, what is 440224 - -1?
440225
In base 2, what is -1110101010100011 + 100?
-1110101010011111
In base 11, what is -1 - -7a201?
7a200
In base 3, what is -2010022120221 - 0?
-2010022120221
In base 10, what is -4 - -161692?
161688
In base 13, what is -5 + 65960?
65958
In base 16, what is -ac - -1583?
14d7
In base 2, what is -1 - 1110000111100?
-1110000111101
In base 3, what is 2110221200 - 10?
2110221120
In base 4, what is 103 - 112?
-3
In base 10, what is 7231 + -7?
7224
In base 14, what is 2 - -12349?
1234b
In base 13, what is -34b0 - -c?
-34a1
In base 10, what is -6770 - -13?
-6757
In base 12, what is -2 - 62a43?
-62a45
In base 9, what is 115 + -536?
-421
In base 14, what is 18 - 61c?
-604
In base 2, what is 10010011011 - -11110111100?
110001010111
In base 8, what is -3635322 + -2?
-3635324
In base 16, what is -9 - 4d9d?
-4da6
In base 14, what is 666 - -b82?
1408
In base 15, what is 50 - 1c?
33
In base 11, what is -141 - 981?
-1012
In base 10, what is 6 - -42530?
42536
In base 11, what is -3 + a572?
a56a
In base 11, what is -171a3 - 12?
-17205
In base 9, what is 363 - -1754?
2227
In base 12, what is -2 + -1a9680?
-1a9682
In base 7, what is -20 + -10156?
-10206
In base 7, what is 0 + 2422334?
2422334
In base 6, what is -214005245 - 0?
-214005245
In base 5, what is 244012003 - -3?
244012011
In base 6, what is -402 - -21331?
20525
In base 2, what is -10100011101100 - 10?
-10100011101110
In base 14, what is -2 + -986?
-988
In base 8, what is 2751437 + -1?
2751436
In base 12, what is 2609470 + 4?
2609474
In base 14, what is 0 - -19447?
19447
In base 2, what is 101111111010 - 101100?
101111001110
In base 11, what is 3 + 125a53?
125a56
In base 2, what is 111111100101011 - 10111?
111111100010100
In base 12, what is -2 + 589474?
589472
In base 6, what is -35 - -205350?
205311
In base 2, what is -111001000010000 - -1001?
-111001000000111
In base 10, what is 25367 + 3?
25370
In base 13, what is 959 - 72?
8b7
In base 7, what is 6563 - -16?
6612
In base 11, what is -5607 - 10?
-5617
In base 8, what is 40 - 50?
-10
In base 4, what is 102 - 110323100?
-110322332
In base 14, what is -8d3 + 4?
-8cd
In base 10, what is -25632 - 25?
-25657
In base 11, what is 38 - -62?
9a
In base 15, what is 1bea6 - -3?
1bea9
In base 4, what is -1103100303 - 1?
-1103100310
In base 13, what is 12491a + 7?
124924
In base 15, what is 28 - e8?
-c0
In base 15, what is -11c - -13e3?
12c6
In base 14, what is 1 - -a300?
a301
In base 8, what is -12 - -560456?
560444
In base 15, what is 26c4 + 3a?
270e
In base 5, what is 2100403 + -10?
2100343
In base 5, what is -3 - 2123011?
-2123014
In base 5, what is -23424 + 2030?
-21344
In base 14, what is 5c77 - 1?
5c76
In base 6, what is -122 + 154225?
154103
In base 3, what is -120021102 - -10?
-120021022
In base 3, what is 10211112 - -221?
10212110
In base 7, what is 113400 - -216?
113616
In base 10, what is -2 - -3836?
3834
In base 2, what is 10000010 - 10001011011111?
-10001001011101
In base 6, what is 11 + -4111?
-4100
In base 16, what is 14 + 48?
5c
In base 13, what is 930 - 45?
8b8
In base 8, what is 4102344 - 2?
4102342
In base 11, what is 5a396 + 5?
5a3a0
In base 7, what is 4 + 46222?
46226
In base 6, what is -10305 + -51?
-10400
In base 16, what is 3b7 - -4?
3bb
In base 14, what is 4 + -882dc?
-882d8
In base 4, what is -2311321121 + -3?
-2311321130
In base 8, what is -62 + -16716?
-17000
In base 10, what is -2 + 566?
564
In base 10, what is -343 - 1410?
-1753
In base 5, what is 10 - 1111323?
-1111313
In base 2, what is 100000 - 111010000000101?
-111001111100101
In base 4, what is -1302 + 2332313?
2331011
In base 2, what is -11111111 + -1100111001?
-10000111000
In base 6, what is -4000440 - 21?
-4000501
In base 10, what is 19 + -54754?
-54735
In base 4, what is 3 - -12101331?
12102000
In base 3, what is -1112010 + -21?
-1112101
In base 12, what is -a32b + 0?
-a32b
In base 7, what is -354545 - 1?
-354546
In base 11, what is 1506a0 - 2?
150699
In base 3, what is 201111210 + 101?
201112011
In base 16, what is -3d2 - -662?
290
In base 6, what is 4 - -1151404?
1151412
In base 4, what is 22 + -102101?
-102013
In base 6, what is 5 - -50045030?
50045035
In base 2, what is 10010110 - 100111111110?
-100101101000
In base 4, what is 131011320 + -3?
131011311
In base 12, what is 22004 - -b8?
22100
In base 6, what is 20 - -5034?
5054
In base 6, what is -103 - -3432?
3325
In base 15, what is -40 - 5cb?
-61b
In base 8, what is -11 + -231262?
-231273
In base 7, what is -4500160 + -2?
-4500162
In base 4, what is 301203 - 113?
301030
In base 15, what is 2137d - -2?
21380
In base 2, what is 1101110100010 - -1001111?
1101111110001
In base 6, what is -45 + 2501?
2412
In base 2, what is 100000011 - -100?
100000111
In base 14, what is 2 - 87b?
-879
In base 11, what is 4 + 153914?
153918
In base 9, what is 180188 + 3?
180202
In base 11, what is -286 + 1783?
14a8
In base 10, what is 403 - -9?
412
In base 7, what is 1453326 - -41?
1453400
In base 3, what is 2210 - -1011220010?
1011222220
In base 9, what is 176624 + -5?
176618
In base 9, what is 1857 - 40?
1817
In base 3, what is 10221121 - 1222?
10212122
In base 13, what is -22b69a - -4?
-22b696
In base 10, what is -1628 + -6?
-1634
In base 5, what is 2 + 1344003?
1344010
In base 9, what is 73 + 782?
865
In base 8, what is 5713261 - -4?
5713265
In base 7, what is -36 - -204001?
203632
In base 10, what is 1395 + 31?
1426
In base 4, what is 2 - 22122331?
-22122323
In base 14, what is ad94 + 0?
ad94
In base 14, what is 31c63 + -2b?
31c36
In base 12, what is -769 - 50?
-7b9
In base 5, what is 1224431 + -1?
1224430
In base 2, what is 11011111110010 - 1011?
11011111100111
In base 11, wh